Suppose -12*b + 1 - 13 = c. Give q(b).
-25
Let d(a) be the first derivative of 5*a**4/12 - a**2/2 + 111*a - 31. Let u(p) be the first derivative of d(p). Give u(-3).
44
Let b(j) = 10*j - 141. Let d(c) = -120*c + 1690. Let q(k) = -25*b(k) - 2*d(k). Give q(14).
5
Let d(r) be the first derivative of -15*r**2/2 + 139*r - 56. Let v be d(9). Let o(f) = f**3 - 2*f**2 - 6*f + 5. What is o(v)?
13
Let n(i) = -i**2 + 2*i - 3. Let g(u) = u**3 + 15*u**2 + 14*u - 4. Let s be g(-14). Let f be -47*s/10 - 34/(-170). Let d be f/6 + ((-4)/24)/1. Give n(d).
-6
Suppose -o = -19*o + 36. Let h(m) = o - 15 + 17 + 3*m. Give h(5).
19
Let z(q) = q**2 + 2. Let s = 80 - 67. Let g = s + -8. Calculate z(g).
27
Suppose 521 = 84*a - 403. Let b(s) = 24*s - 245. Determine b(a).
19
Let a(s) = s**2 - 1. Let b(i) = -8*i**2 - 3*i + 3. Let y(r) = 6*a(r) + b(r). Let j = -15 - -21. Suppose -16 + 4 = j*d. What is y(d)?
-5
Let c(j) = -j**3 + 2*j**2 + 3*j + 2. Let w be c(3). Let q = 1 + w. Let z(k) = -9*k - 16. Let x(b) = -14*b - 21. Let n(m) = 2*x(m) - 3*z(m). Determine n(q).
3
Let g = 33 + -25. Let n(a) = -8*a - 9*a**3 - 3 + g*a**3 - 9 + 7*a**2 + 17*a. What is n(8)?
-4
Let x(v) = -3 - 2 + 6 - 2 + v. Let a(w) = w**2 - 3*w + 3. Let b(p) = a(p) + x(p). Let i(n) = 87*n + 2874. Let j be i(-33). Give b(j).
5
Suppose -11*i + 15*i = -12, i = 4*q - 11. Let y be 8 + -6 - q - -4 - 11. Let l(d) = 5*d - 4. Calculate l(y).
-39
Let i(g) = 83*g**3 + 14*g**2 + 31*g - 19. Let v(p) = 401*p**3 + 70*p**2 + 153*p - 95. Let h(d) = 29*i(d) - 6*v(d). What is h(15)?
-41
Let k(y) = y**3 + 5*y**2 - 2*y - 2. Let p be k(-5). Let u(n) = -132*n - 234340 + 135*n + 234316. What is u(p)?
0
Let s(q) be the third derivative of -q**4/24 + 4*q**3/3 - 921*q**2. What is s(1)?
7
Let y = -257 + 261. Suppose -2*l = l - 4*f + y, 5*f = -25. Let j(d) = -d**2 - 9*d - 6. What is j(l)?
2
Let l(d) = -d**2 - 17*d + 9. Let k be l(-18). Let p(z) = 11*z + 0*z**2 + 73 - 39 + 2*z**2 - 38 + 2*z. Determine p(k).
41
Let c be (-12*5/10)/(9/(-6)). Let v(r) = r**2 - 12. Let x be v(c). Let l(h) = 19 - h - 4 - 9 - x. Determine l(-5).
7
Let p(r) be the third derivative of -r**5/30 - r**4/6 - r**3/3 - r**2. Suppose 13 = 3*c + 4. Suppose -5*f + 3*t - 30 = 0, f - c*f = -t + 11. Give p(f).
-8
Let x(n) = n - 1. Let s(w) = 7*w - 22. Let u(z) = s(z) - 6*x(z). Let c(p) = -p + 18. Let l(v) = -6*c(v) - 7*u(v). Determine l(0).
4
Let m(z) = -z**3 + 7*z**2 - 6*z + 5. Let n(c) = -1 + 19 + 25*c + 38. Let i be n(-2). Calculate m(i).
5
Let z(s) = -11*s - 6 + 78 + 128 + 28*s - 51. Determine z(-9).
-4
Let t(a) = -a**2 - 8*a - 6. Let r = 154 + -84. Suppose -5*f + 27 = -298. Let p = f - r. Give t(p).
9
Let c(t) = t - 11*t**3 - 10*t**3 - 2*t**2 + 33*t**3 - 13*t**3 - 24. Let q(m) = -m**2 + m + 1. Let n(z) = -c(z) + 2*q(z). Give n(0).
26
Let y(i) be the third derivative of i**4/8 - 7*i**3/2 - 2*i**2. Let s be ((-4800)/112)/25*56/(-12). Determine y(s).
3
Let i(u) = -5*u**2 - 4*u + 12. Let o be 0/(9/(-1 + -2)) + 1. Let s(z) = -z**2 + z. Let h(d) = o*i(d) - 6*s(d). What is h(9)?
3
Let g = -7175 - -7158. Let x(c) = -c**2 - 29*c - 203. What is x(g)?
1
Let l(y) = 1 - 17*y**2 - y - 2*y + 5*y. Let h be (((-8)/(-18))/((-32)/(-144)))/(-2). Determine l(h).
-18
Let d(w) be the first derivative of w**3/6 + w**2/2 - 60*w - 62. Let r(b) be the first derivative of d(b). Give r(7).
8
Let o = 131 - 83. Suppose -237*m = -245*m + o. Let x(l) = 2*l - 19. What is x(m)?
-7
Suppose 28*u - 26*u - 14 = 0. Let n(y) = 2 + 1 + 2 + 4*y**2 - 3*y**2 - u*y. Let v be n(6). Let o(d) = 3*d - 1. Give o(v).
-4
Let c(j) be the first derivative of j**3/3 + 5*j**2/2 + 7*j + 19. Let v(y) be the third derivative of -y**4/24 + 7*y**2. Let u(d) = c(d) - 6*v(d). Give u(-6).
-23
Let u = -13817 - -13817. Let b(a) = -4*a + 9*a - 7*a + a**3 - 8. What is b(u)?
-8
Suppose 92*h - 98*h + 30 = 0. Suppose -3*s = h*g + 14 - 6, 2*g - s + 12 = 0. Let l(o) = 3*o - 1. Calculate l(g).
-13
Let c(f) be the third derivative of f**5/60 + 7*f**4/24 - f**3/6 - 4*f**2. Suppose -9 - 54 = -9*j. Let k be (j/(-3))/(33/99). Give c(k).
-1
Let w(c) be the first derivative of c**3/3 + 9*c**2/2 + 11*c + 12300. Determine w(-9).
11
Let n = 71 + -68. Let u(l) = -14 + l**n + 6*l**2 + 7 + 2*l - 2*l**3. Give u(6).
5
Let p(y) = -y**3 + 3*y**2 - 2*y + 5. Let v be p(0). Let j(s) = 0*s + s + 6 + v - 7. Determine j(-2).
2
Let i(c) = -4*c**2 - c. Let h(z) be the first derivative of z**2/2 + 7*z - 17. Let q be h(-9). Determine i(q).
-14
Suppose 68*d = -28*d + 672. Suppose -6*c + 8*c - 4 = 0. Let v(n) = -n**3 + n + 2*n**3 - 6*n**c - 3 - 5*n**2 + 4*n**2. Give v(d).
4
Let x = -6096 - -6075. Let q(m) = m**3 + 20*m**2 - 24*m - 23. Calculate q(x).
40
Suppose -202*v = -196*v - 24. Let y(f) = -f**3 - 9*f**2 - f - 11. Let q(g) = g**2 + 1. Let h(r) = v*q(r) + y(r). Determine h(-5).
-2
Let b = -3 - 0. Let s(f) be the second derivative of -2*f**3/3 - 9*f**2/2 - 2*f. Give s(b).
3
Suppose -14*j + 23*j = 162. Suppose -56 = j*u - 10*u. Let k(c) = -c**2 - 5*c + 4. Give k(u).
-10
Let n(t) = -4*t. Let g(w) = -2*w + w + 207*w**2 - 206*w**2. Let i(v) = g(v) - n(v). What is i(-4)?
4
Let u(l) be the third derivative of -l**6/120 + 7*l**5/60 - 7*l**4/24 + 19*l**3/6 - 3758*l**2. Give u(7).
-30
Let c(f) = 11*f - 2. Suppose -52 - 20 = -9*t. Suppose t*j + 55 = 39. What is c(j)?
-24
Let v(i) = -i**3 + i**2 - i + 4. Let t be 4/(-3*1/(-9)). Suppose -22 = 3*g - k, -6 = -0*g - g + 3*k. Let r = t + g. Give v(r).
-17
Let k(g) = g**3 - 14*g**2 + 23*g - 17. Let f = -1711 - -1723. Calculate k(f).
-29
Let o(r) be the first derivative of r**4/24 - r**3/6 - 63*r**2 - 46. Let a(m) be the second derivative of o(m). What is a(1)?
0
Let y = 148 - 140. Let z(p) = -23 - 8*p + 15 + 8*p**2 - 2*p**2 - 5*p**2. What is z(y)?
-8
Let k(h) = h + 25. Let g(w) = -w**2 + 12*w - 28. Let s be g(8). Give k(s).
29
Let q(o) = -o**3 + 5*o**2 + 5*o + 7. Let r(t) = 5*t - 52. Let u be r(6). Let m(x) = -x - 16. Let i be m(u). What is q(i)?
1
Let p(m) = m**3 + m**2 + 1. Let h = -365 - -367. Let a be h + -8 + 7 + -3. What is p(a)?
-3
Let c(z) = z**2 - 2*z - 5. Let h be c(4). Let o(f) = -16*f**2 + 15*f**2 - 3*f - h + 8*f. Calculate o(2).
3
Suppose 0 = 5*y - 3 + 28. Let s(l) be the first derivative of l**2 + 4*l - 30806. Give s(y).
-6
Suppose 24 = 3*s - 3*o, 6*o + 12 = 2*o. Suppose 60 = s*h - 8*h. Let w = 14 + h. Let a(n) = -n**2 - 5*n - 3. Determine a(w).
-9
Suppose -2*j + 29 = -4*b - 61, 3*b = -2*j + 118. Let r(a) = a + 5 - a**3 + 0 - 5*a + j*a**2 + 9*a - 54*a**2. Determine r(-2).
-1
Let p(j) = -j**3 - 22*j**2 - 118*j + 23. Let a be p(-10). Let c(d) = -d**2 + 13. Give c(a).
4
Let s(r) = -4*r**2 + 37*r + 3. Let q be s(5). Let i(f) = f + 86 - 180 + q - f**3 + f**2. Determine i(0).
-6
Let z be 3/(-4*15/(-220)). Suppose 2*l = t + z, 2*t + 2*l - 4 = -8. Let f(a) = a**3 + 6*a**2 - a + 3. Give f(t).
33
Let r(y) be the third derivative of 0*y - 23*y**2 + 0 + 1/8*y**4 + 1/24*y**6 + 1/15*y**5 + 1/3*y**3. Give r(-2).
-28
Let z = -57 + -494. Let w = z - -551. Let r(k) = k + 6. What is r(w)?
6
Let c = -68 - -72. Suppose c*r - 2*r = 186. Let s = r + -84. Let b(y) = y**3 - 8*y**2 - 11*y + 12. Determine b(s).
-6
Let n(y) = 54*y + 3*y**2 + 57*y - 2 + 54*y - 167*y. Let u = 112 + -110. What is n(u)?
6
Let i(z) = z - 1. Let t be i(6). Let n(o) = o**2 + 56*o + 13*o - 1 - 75*o + 0*o**2. Calculate n(t).
-6
Let g(h) = -6*h - 9. Let p(b) = -b**2 - 34*b + 82. Let y be p(-36). Suppose -65 = y*l - 45. What is g(l)?
3
Let u(o) be the first derivative of 2*o**3/3 - 5*o**2/2 + o + 3573. What is u(2)?
-1
Let x(r) = 5*r**2 + 2*r + 12. Let l = -2877 - -2875. What is x(l)?
28
Let h(d) = d**2 + 8*d - 3. Let z be (-4)/(-3)*(-45)/6. Let t be (z/(-4))/(1/2). Suppose t*r + 50 = 5*q + 10, 34 = -5*r - q. Calculate h(r).
-10
Let o(q) be the first derivative of -q**6/60 + 41*q**3/3 - q**2/2 + 199. Let w(m) be the third derivative of o(m). Give w(-1).
-6
Suppose -7 = -3*m + r + 1, -3*r = 4*m - 28. Suppose -6 = m*b - 2, -2*b = 4*g + 2. Let n be (1 - 2)*(g - -2). Let y(k) = -2*k**3 - 2*k**2 + k. Give y(n).
6
Let m(l) = l**3 - 2*l**2 + 3*l + 14. Let q be m(0). Let v(j) = -j + 21. Calculate v(q).
7
Let v(y) be the second derivative of -16*y + 1/12*y**4 + 7/2*y**2 - 5/6*y**3 + 0. Let o be ((4/2)/((-8)/(-20)))/1. Calculate v(o).
7
Let k(s) = 48 - 44 - 11*s + 48 + s. Determine 